{"id":5430,"date":"2020-05-06T14:28:20","date_gmt":"2020-05-06T14:28:20","guid":{"rendered":"https:\/\/lossurgentes.gob.ar\/home\/?page_id=5430"},"modified":"2024-05-30T16:12:03","modified_gmt":"2024-05-30T19:12:03","slug":"bibliografia","status":"publish","type":"page","link":"https:\/\/lossurgentes.gob.ar\/home\/bibliografia\/","title":{"rendered":"Bibliograf\u00eda"},"content":{"rendered":"<div class=\"wpb-content-wrapper\"><p>[vc_row full_width=\u00bbstretch_row\u00bb css=\u00bb.vc_custom_1716322171354{margin-top: 0px !important;background-color: #db5b3b !important;}\u00bb][vc_column la_animation_duration=\u00bb1&#8243; la_animation_delay=\u00bb0&#8243; la_animation_iteration_count=\u00bb1&#8243;]<div id=\"la_divider69f409357b524\" class=\"js-el la-divider la-unit-responsive\" data-la_component=\"UnitResponsive\"  data-el_target='#la_divider69f409357b524'  data-el_media_sizes='{&quot;padding-top&quot;:&quot;lg:115px;md:50px;&quot;}' ><\/div>\n<div id=\"la_heading_69f409357b8a0\" class=\"la-headings text-center\"><h2 class=\"js-el heading-tag la-unit-responsive\" style=\"color:#ffffff;font-family:Lato;font-weight:700;font-style:normal\"  data-la_component=\"UnitResponsive\"  data-el_target='#la_heading_69f409357b8a0 .heading-tag'  data-el_media_sizes='{&quot;font-size&quot;:&quot;lg:50px;mb:35px;&quot;,&quot;line-height&quot;:&quot;&quot;}' >BIBLIOGRAF\u00cdA PARA DESCARGAR<\/h2><\/div>\n<div id=\"la_divider69f409357bb8d\" class=\"js-el la-divider la-unit-responsive\" data-la_component=\"UnitResponsive\"  data-el_target='#la_divider69f409357bb8d'  data-el_media_sizes='{&quot;padding-top&quot;:&quot;lg:190px;md:80px;&quot;}' ><\/div>\n[\/vc_column][\/vc_row][vc_row][vc_column]<div id=\"la_divider69f409357bc6c\" class=\"js-el la-divider la-unit-responsive\" data-la_component=\"UnitResponsive\"  data-el_target='#la_divider69f409357bc6c'  data-el_media_sizes='{&quot;padding-top&quot;:&quot;lg:50px;&quot;}' ><\/div>\n[vc_column_text el_class=\u00bbtext-center\u00bb]Descarg\u00e1 <strong>GRATIS<\/strong> los materiales bibliogr\u00e1ficos relacionados con el pueblo. S\u00f3lo ten\u00e9s que hacer clic en el bot\u00f3n de descargas y luego descargarlo.[\/vc_column_text][\/vc_column][\/vc_row][vc_row][vc_column width=\u00bb1\/2&#8243;][vc_single_image image=\u00bb5431&#8243; img_size=\u00bbfull\u00bb alignment=\u00bbcenter\u00bb][vc_column_text el_class=\u00bbtext-center\u00bb]HISTORIAS POPULARES CORDOBESAS[\/vc_column_text][vc_btn title=\u00bbDESCARGAR LIBRO\u00bb shape=\u00bbround\u00bb color=\u00bbprimary\u00bb align=\u00bbcenter\u00bb i_icon_fontawesome=\u00bbfa fa-download\u00bb add_icon=\u00bbtrue\u00bb link=\u00bburl:https%3A%2F%2Fdrive.google.com%2Ffile%2Fd%2F1_-4WjUbLyrh_e4brI_oN3KFszMIRY3nL%2Fview%3Fusp%3Dsharing||target:%20_blank|\u00bb]<div id=\"la_divider69f409357bd3a\" class=\"js-el la-divider la-unit-responsive\" data-la_component=\"UnitResponsive\"  data-el_target='#la_divider69f409357bd3a'  data-el_media_sizes='{&quot;padding-top&quot;:&quot;lg:50px;&quot;}' ><\/div>\n[\/vc_column][vc_column width=\u00bb1\/2&#8243;][vc_single_image image=\u00bb5432&#8243; img_size=\u00bbfull\u00bb alignment=\u00bbcenter\u00bb][vc_column_text el_class=\u00bbtext-center\u00bb]RESE\u00d1A HIST\u00d3RICA DE LOS SURGENTES[\/vc_column_text][vc_btn title=\u00bbDESCARGAR LIBRO\u00bb shape=\u00bbround\u00bb color=\u00bbprimary\u00bb align=\u00bbcenter\u00bb i_icon_fontawesome=\u00bbfa fa-download\u00bb add_icon=\u00bbtrue\u00bb link=\u00bburl:https%3A%2F%2Fdrive.google.com%2Ffile%2Fd%2F1RdwfVQr3wCZNWnFM55PHDsvbNIjqdoGw%2Fview%3Fusp%3Ddrive_link||target:%20_blank|\u00bb]<div id=\"la_divider69f409357be06\" class=\"js-el la-divider la-unit-responsive\" data-la_component=\"UnitResponsive\"  data-el_target='#la_divider69f409357be06'  data-el_media_sizes='{&quot;padding-top&quot;:&quot;lg:50px;&quot;}' ><\/div>\n[\/vc_column][\/vc_row][vc_row][vc_column width=\u00bb1\/2&#8243;][vc_single_image image=\u00bb5436&#8243; img_size=\u00bbfull\u00bb alignment=\u00bbcenter\u00bb][vc_column_text el_class=\u00bbtext-center\u00bb]100 A\u00d1OS, 100 HISTORIAS[\/vc_column_text][vc_btn title=\u00bbDESCARGAR LIBRO\u00bb shape=\u00bbround\u00bb color=\u00bbprimary\u00bb align=\u00bbcenter\u00bb i_icon_fontawesome=\u00bbfa fa-download\u00bb add_icon=\u00bbtrue\u00bb link=\u00bburl:https%3A%2F%2Fdrive.google.com%2Ffile%2Fd%2F1WoRpYSyQz04Q-6PlOz4QsDj3yEikrlnD%2Fview%3Fusp%3Ddrive_link||target:%20_blank|\u00bb]<div id=\"la_divider69f409357bea5\" class=\"js-el la-divider la-unit-responsive\" data-la_component=\"UnitResponsive\"  data-el_target='#la_divider69f409357bea5'  data-el_media_sizes='{&quot;padding-top&quot;:&quot;lg:50px;&quot;}' ><\/div>\n[\/vc_column][vc_column width=\u00bb1\/2&#8243;][vc_single_image image=\u00bb5435&#8243; img_size=\u00bbfull\u00bb alignment=\u00bbcenter\u00bb][vc_column_text el_class=\u00bbtext-center\u00bb]ENTRE VERSOS Y FRASES &#8211; RICHARD PUETTA[\/vc_column_text][vc_btn title=\u00bbDESCARGAR LIBRO\u00bb shape=\u00bbround\u00bb color=\u00bbprimary\u00bb align=\u00bbcenter\u00bb i_icon_fontawesome=\u00bbfa fa-download\u00bb add_icon=\u00bbtrue\u00bb link=\u00bburl:https%3A%2F%2Fdrive.google.com%2Ffile%2Fd%2F1w0Rt8OlwPV2rbgo85CyjzPA1oudbIG2c%2Fview%3Fusp%3Ddrive_link||target:%20_blank|\u00bb]<div id=\"la_divider69f409357bf3f\" class=\"js-el la-divider la-unit-responsive\" data-la_component=\"UnitResponsive\"  data-el_target='#la_divider69f409357bf3f'  data-el_media_sizes='{&quot;padding-top&quot;:&quot;lg:50px;&quot;}' ><\/div>\n[\/vc_column][\/vc_row][vc_row][vc_column][vc_column_text el_class=\u00bbtext-center\u00bb]<\/p>\n<div class=\"container\">\n<div class=\"col-lg-12\">\n<p class=\"text-center\">PROXIMAMENTE SE SUMAR\u00c1N TEXTOS DE AUTORES LOCALES<\/p>\n<\/div>\n<\/div>\n<p>[\/vc_column_text]<div id=\"la_divider69f409357bfc8\" class=\"js-el la-divider la-unit-responsive\" data-la_component=\"UnitResponsive\"  data-el_target='#la_divider69f409357bfc8'  data-el_media_sizes='{&quot;padding-top&quot;:&quot;lg:50px;&quot;}' ><\/div>\n[\/vc_column][\/vc_row]<\/p>\n<\/div>","protected":false},"excerpt":{"rendered":"<p>[vc_row full_width=\u00bbstretch_row\u00bb css=\u00bb.vc_custom_1716322171354{margin-top: 0px !important;background-color: #db5b3b !important;}\u00bb][vc_column la_animation_duration=\u00bb1&#8243; la_animation_delay=\u00bb0&#8243; la_animation_iteration_count=\u00bb1&#8243;][\/vc_column][\/vc_row][vc_row][vc_column][vc_column_text el_class=\u00bbtext-center\u00bb]Descarg\u00e1 GRATIS los materiales bibliogr\u00e1ficos relacionados con el pueblo. S\u00f3lo ten\u00e9s que hacer clic en&hellip;<\/p>\n","protected":false},"author":4,"featured_media":0,"parent":0,"menu_order":0,"comment_status":"closed","ping_status":"closed","template":"","meta":{"_monsterinsights_skip_tracking":false,"_monsterinsights_sitenote_active":false,"_monsterinsights_sitenote_note":"","_monsterinsights_sitenote_category":0,"_joinchat":[],"footnotes":""},"class_list":["post-5430","page","type-page","status-publish","hentry"],"aioseo_notices":[],"_links":{"self":[{"href":"https:\/\/lossurgentes.gob.ar\/home\/wp-json\/wp\/v2\/pages\/5430","targetHints":{"allow":["GET"]}}],"collection":[{"href":"https:\/\/lossurgentes.gob.ar\/home\/wp-json\/wp\/v2\/pages"}],"about":[{"href":"https:\/\/lossurgentes.gob.ar\/home\/wp-json\/wp\/v2\/types\/page"}],"author":[{"embeddable":true,"href":"https:\/\/lossurgentes.gob.ar\/home\/wp-json\/wp\/v2\/users\/4"}],"replies":[{"embeddable":true,"href":"https:\/\/lossurgentes.gob.ar\/home\/wp-json\/wp\/v2\/comments?post=5430"}],"version-history":[{"count":13,"href":"https:\/\/lossurgentes.gob.ar\/home\/wp-json\/wp\/v2\/pages\/5430\/revisions"}],"predecessor-version":[{"id":8464,"href":"https:\/\/lossurgentes.gob.ar\/home\/wp-json\/wp\/v2\/pages\/5430\/revisions\/8464"}],"wp:attachment":[{"href":"https:\/\/lossurgentes.gob.ar\/home\/wp-json\/wp\/v2\/media?parent=5430"}],"curies":[{"name":"wp","href":"https:\/\/api.w.org\/{rel}","templated":true}]}}